 the highest common divisor of 252 and o?
84
Let b = 43 + -34. Suppose 0 = 4*a - 5*f + b, -4*a + 12 = -6*a + 4*f. What is the greatest common factor of a and 12?
4
Let g(h) = -21*h + 35 - 24*h + 44*h. Let v be g(22). What is the highest common factor of v and 104?
13
Let h = -37 - -22. Let k = h + 29. Suppose -5*c + 3*f + 53 = 7, -c + 3*f + k = 0. What is the greatest common factor of 88 and c?
8
Let u(r) = -14*r - 10. Let b be u(-4). Suppose s - 10 = 6*s, 2*l - 2*s = b. Let j be 9 - 1*(5 + -3). Calculate the highest common divisor of j and l.
7
Let s = -24 - -38. Let g be 2/2 - (-105 - s/(-2)). What is the highest common divisor of g and 9?
9
Suppose 0 = -3*t + 4*t + 5*y - 60, -5*t + 3*y + 328 = 0. Let j(a) = -2*a + 102. Let c be j(38). Calculate the highest common divisor of t and c.
13
Suppose -2*z - 40 + 197 = -5*l, 4*z + 2*l - 254 = 0. Let p be 1 - (2 + -1*23). What is the greatest common factor of p and z?
22
Let c be (-6)/(-33) - (-40)/22. Let z be 6/(-12)*c*-6. Let j be (-1)/(3/z) - -29. Calculate the greatest common divisor of 18 and j.
9
Suppose -18 = -2*i + 36. Suppose 4*p - i = -4*f + 65, 2*p - 25 = 5*f. Calculate the greatest common factor of p and 160.
20
Let b(q) = -q**2 + 4*q + 5. Let p be b(4). Suppose -12 = -p*z + 13. Let v(h) = 7*h - 7. Let m be v(6). Calculate the highest common factor of m and z.
5
Let f be 690/161*(-3)/(3/(-56)). Calculate the highest common factor of f and 96.
48
Suppose 3*y = 6, -4*y + 87 + 236 = 3*u. Calculate the highest common factor of u and 1365.
105
Suppose 0 = -l - 0*l + 121. Suppose l + 264 = 5*h. What is the highest common factor of h and 11?
11
Let x = -33 + 44. Let t = 33 - x. Calculate the highest common factor of t and 11.
11
Suppose 5*f + 3*a = 51, -f + 2*a - 6 = -24. Let p = 87 - 157. Let l = -34 - p. What is the greatest common factor of f and l?
12
Suppose q + 0*q = 4. Suppose -f + z = -7, 3*z = 4*f + 4*z - 8. Suppose s + 2 = 2*s, -2*x + 38 = f*s. What is the highest common factor of x and q?
4
Suppose -46 = -7*n + 94. What is the greatest common divisor of n and 90?
10
Suppose 0 = 3*h + 4*x - 36 - 32, h - 3*x - 14 = 0. Calculate the highest common divisor of h and 990.
10
Let y be -6 - 1122/(3 + -6). What is the greatest common divisor of y and 46?
46
Let k = -451 - -1479. Suppose r + 2*c - 264 = -c, 0 = 4*r + 5*c - k. What is the highest common divisor of 28 and r?
28
Suppose -j + 5*x + 27 = 0, -4*x + 3 - 7 = 0. Let y(l) = 2*l**2 - 8*l + 1. Let a be y(-6). What is the greatest common divisor of j and a?
11
Let n(h) = h + 6. Suppose 2*o - 3*o = -2. Suppose -o*f = -f. Let j be n(f). Calculate the highest common factor of j and 2.
2
Suppose 5*c - 20 = -0*c. Suppose 5 = c*o - 19. Suppose v - o*v = 2*b - 18, v - 54 = -4*b. Calculate the highest common divisor of 14 and b.
14
Suppose 26 = 3*v - 13. Suppose -2*b = -94 - 88. Calculate the greatest common divisor of b and v.
13
Let c be (-3 + 2)/(2/(-18)). Let w = 11 - c. What is the highest common factor of w and 8?
2
Let p(u) = -4*u - 12. Let t be p(-5). Suppose t = -0*k + k. What is the greatest common divisor of 72 and k?
8
Let j = 16 + -23. Let u(o) = o**2 - 6*o + 7. Let h be u(j). Calculate the highest common divisor of h and 14.
14
Suppose -17*k + 4625 = -12*k. Calculate the highest common factor of 148 and k.
37
Let f be (1 - 4) + (288 - -1). Suppose -2*l - 5*t = -42, -l - 6*t + 4*t = -22. What is the highest common divisor of f and l?
26
Let h(w) = -5*w**3 - 4*w**2 + w - 2. Let s be h(-2). Calculate the greatest common divisor of 320 and s.
20
Suppose -j - 3*j = -36. Let w be 860/24 + (1 - 10/12). Calculate the highest common divisor of w and j.
9
Let v be (-18)/(-6 + 3) - (-9)/1. Calculate the greatest common factor of v and 240.
15
Let o = 122 + -70. Let z(a) = 2*a**2 - 13*a + 7. Let p be z(9). What is the greatest common factor of o and p?
52
Let r(y) = 2*y - 2. Let f be r(2). Suppose 0 = -2*b - 10, f*k + 2*b - b - 3 = 0. Suppose -3*x + 9 = -15. Calculate the greatest common divisor of k and x.
4
Suppose 3*n - 193 - 230 = 0. Suppose 4*t + 29 = n. Suppose -c - 121 = -4*c + r, r - 215 = -5*c. Calculate the greatest common divisor of t and c.
14
Suppose -13*h + 10*h = 5*i - 59, 5*h + 5*i = 115. Let b be (-1 - -1) + 43 + -1. Calculate the greatest common divisor of h and b.
14
Suppose -10*a + 1605 - 205 = 0. Suppose -d + 8 = -4. Suppose 28 = 2*k - d. Calculate the greatest common divisor of a and k.
20
Let c = 2221 + -1978. Suppose -4*u = -28 - 80. Calculate the highest common divisor of u and c.
27
Let v = 32 - 20. Let y = 7 + -7. Suppose 3*h + x - 4*x - 42 = 0, 2*h - 5*x - 34 = y. Calculate the greatest common divisor of v and h.
12
Let g(x) = x**2 - 14*x + 34. Let u be g(11). Suppose 0 = 5*j - u - 239. What is the greatest common divisor of 6 and j?
6
Suppose -3*w + t + 244 = 0, -w + 0 = 3*t - 88. What is the highest common factor of 2 and w?
2
Let v(w) = -w**3 - 4*w**2 + 6*w - 9. Let x be v(-6). Let p = -426 - -561. Calculate the greatest common divisor of x and p.
27
Suppose 0 = -8*j - 1259 + 1739. Calculate the highest common factor of 72 and j.
12
Suppose -t + 279 = -0*t. Let s(x) = -4*x - 45. Let v be s(-19). Calculate the greatest common divisor of t and v.
31
Let p = 244 + -145. Let k be (16/(-10))/((-20)/50). Suppose 4*a + k*g = 24, 3*g + 21 + 16 = 2*a. What is the greatest common divisor of a and p?
11
Let k = -8 + 14. Let g(t) = -2*t**2 + 33*t + 14. Let w be g(16). What is the highest common divisor of k and w?
6
Suppose 4*t = -3*t + 77. Suppose -x + t = -2*i, 2*i + 12 = -2*i. Calculate the greatest common divisor of 45 and x.
5
Let s(k) = -k**2 + 10*k - 7. Let h be 4/(4/20 + 0). Suppose 0*z + z - m = 12, -m = -2*z + h. Let x be s(z). What is the highest common factor of 18 and x?
9
Let x be 308*8/40 + (-2)/(-5). What is the highest common factor of 186 and x?
62
Let i(h) = -h + 10. Suppose 2*b - 6 = j, -3*b = -j - 4 - 4. Let m be i(j). What is the greatest common factor of 132 and m?
12
Suppose -2*t = 4*a - 116, 0*t = 2*t - 2*a - 86. Suppose 0 = -p - 4*p + 30. What is the highest common divisor of p and t?
6
Let v = 37 + -34. Suppose -v = k - 5*y, -3*k = -2*y - 0*y - 4. Suppose 5*b - d = 52, k*d = 3*b - 25 - 9. What is the highest common factor of 4 and b?
2
Let w = 77 + -42. Suppose 4*o - 4*i = -2*i + 18, 0 = -2*o - 5*i + 39. What is the highest common factor of o and w?
7
Suppose 5*j - 2*j - 25 = l, 5*l = 4*j - 70. Let x = l - -12. Let s be (4/10)/((-3)/(-15)). What is the greatest common divisor of s and x?
2
Suppose 0 = -2*n + k + 7, 3*k = 3 - 0. Calculate the highest common factor of 484 and n.
4
Let b = -447 + 955. What is the highest common factor of b and 4?
4
Let z(x) = 7*x**3 + 2*x**2 - 6*x - 4. Let n be z(2). What is the highest common divisor of n and 60?
12
Let j = 87 + 12. Calculate the greatest common divisor of 36 and j.
9
Let y be (7 - 35/5)*(-1)/1. Suppose -2*r + 0*r - 5*u + 26 = y, 0 = -4*u. Calculate the greatest common divisor of r and 221.
13
Suppose -2*v + 3*w + 0*w - 5 = 0, 0 = 5*v + 3*w - 40. Let l be -8 + 11 - -7*v. Let s be (532/42)/(1/(9/2)). Calculate the highest common divisor of s and l.
19
Suppose -58*m + 56*m = -8. Suppose 108 - 20 = m*j. Calculate the greatest common factor of j and 286.
22
Let r(w) = -w**2 + 4*w. Let d be r(3). Let o be 4/2*d/6. Calculate the highest common divisor of o and 5.
1
Let b = -2 - -10. Let j be (-8)/10*(-60)/b. Let y = -1045 + 1063. Calculate the greatest common divisor of y and j.
6
Let n = 20 + -17. Suppose -4*h - 162 = -3*c - 1095, 0 = 3*h - n*c - 699. Calculate the greatest common divisor of 26 and h.
26
Let t = -812 - -814. What is the highest common divisor of t and 626?
2
Let h(v) = -v**2 + 10*v - 14. Let z be h(7). Calculate the highest common divisor of 203 and z.
7
Let n = -8 - -3. Suppose 48 = 4*v - 5*m, -5*v - 3*m + 65 = -8*m. Let l = v - n. Calculate the greatest common factor of l and 44.
22
Let m = 41 - 37. Let x be (1*(3 + -15))/(-1). What is the greatest common factor of x and m?
4
Suppose 6*h = 85 + 53. Suppose q - 101 = -h. What is the highest common factor of 52 and q?
26
Let l be (-105)/6 + 2/(-4). Let i = 34 + l. Suppose 5*g + 15 = -4*m + 5*m, 0 = 2*m + 4*g - i. Calculate the highest common divisor of 80 and m.
10
Let u be -4 - (-1)/